[INFO] cloning repository https://github.com/JoshuaColell/sol
[INFO] running `Command { std: "git" "-c" "credential.helper=" "-c" "credential.helper=/workspace/cargo-home/bin/git-credential-null" "clone" "--bare" "https://github.com/JoshuaColell/sol" "/workspace/cache/git-repos/https%3A%2F%2Fgithub.com%2FJoshuaColell%2Fsol", kill_on_drop: false }`
[INFO] [stderr] Cloning into bare repository '/workspace/cache/git-repos/https%3A%2F%2Fgithub.com%2FJoshuaColell%2Fsol'...
[INFO] running `Command { std: "git" "rev-parse" "HEAD", kill_on_drop: false }`
[INFO] [stdout] a78c3bf6f50c9046337ee73eeb0a0d4e201a7cd4
[INFO] checking JoshuaColell/sol against master#9610dfe5a9a731ced1ea4923ecbd0c57fe367898 for beta-170-4
[INFO] running `Command { std: "git" "clone" "/workspace/cache/git-repos/https%3A%2F%2Fgithub.com%2FJoshuaColell%2Fsol" "/workspace/builds/worker-4-tc1/source", kill_on_drop: false }`
[INFO] [stderr] Cloning into '/workspace/builds/worker-4-tc1/source'...
[INFO] [stderr] done.
[INFO] validating manifest of git repo https://github.com/JoshuaColell/sol on toolchain 9610dfe5a9a731ced1ea4923ecbd0c57fe367898
[INFO] running `Command { std: CARGO_HOME="/workspace/cargo-home" RUSTUP_HOME="/workspace/rustup-home" "/workspace/cargo-home/bin/cargo" "+9610dfe5a9a731ced1ea4923ecbd0c57fe367898" "metadata" "--manifest-path" "Cargo.toml" "--no-deps", kill_on_drop: false }`
[INFO] started tweaking git repo https://github.com/JoshuaColell/sol
[INFO] finished tweaking git repo https://github.com/JoshuaColell/sol
[INFO] tweaked toml for git repo https://github.com/JoshuaColell/sol written to /workspace/builds/worker-4-tc1/source/Cargo.toml
[INFO] crate git repo https://github.com/JoshuaColell/sol already has a lockfile, it will not be regenerated
[INFO] running `Command { std: CARGO_HOME="/workspace/cargo-home" RUSTUP_HOME="/workspace/rustup-home" "/workspace/cargo-home/bin/cargo" "+9610dfe5a9a731ced1ea4923ecbd0c57fe367898" "fetch" "--manifest-path" "Cargo.toml", kill_on_drop: false }`
[INFO] [stderr]     Updating crates.io index
[INFO] [stderr]  Downloading crates ...
[INFO] [stderr]   Downloaded rquickjs-macro v0.1.5
[INFO] [stderr]   Downloaded relative-path v1.7.0
[INFO] [stderr]   Downloaded rquickjs-sys v0.1.5
[INFO] [stderr]   Downloaded rquickjs-core v0.1.5
[INFO] [stderr]   Downloaded rquickjs v0.1.5
[INFO] running `Command { std: "docker" "create" "-v" "/var/lib/crater-agent-workspace/builds/worker-4-tc1/target:/opt/rustwide/target:rw,Z" "-v" "/var/lib/crater-agent-workspace/builds/worker-4-tc1/source:/opt/rustwide/workdir:ro,Z" "-v" "/var/lib/crater-agent-workspace/cargo-home:/opt/rustwide/cargo-home:ro,Z" "-v" "/var/lib/crater-agent-workspace/rustup-home:/opt/rustwide/rustup-home:ro,Z" "-e" "SOURCE_DIR=/opt/rustwide/workdir" "-e" "CARGO_TARGET_DIR=/opt/rustwide/target" "-e" "CARGO_HOME=/opt/rustwide/cargo-home" "-e" "RUSTUP_HOME=/opt/rustwide/rustup-home" "-w" "/opt/rustwide/workdir" "-m" "1610612736" "--user" "0:0" "--network" "none" "ghcr.io/rust-lang/crates-build-env/linux@sha256:19e73879b68f455e41552ea35293514db52ea292d993f571636dbffedb77a1ee" "/opt/rustwide/cargo-home/bin/cargo" "+9610dfe5a9a731ced1ea4923ecbd0c57fe367898" "metadata" "--no-deps" "--format-version=1", kill_on_drop: false }`
[INFO] [stdout] fea2421d772603403f74a87207e190a2472a0ef17fd0e3f65de151ef787849f6
[INFO] running `Command { std: "docker" "start" "-a" "fea2421d772603403f74a87207e190a2472a0ef17fd0e3f65de151ef787849f6", kill_on_drop: false }`
[INFO] running `Command { std: "docker" "inspect" "fea2421d772603403f74a87207e190a2472a0ef17fd0e3f65de151ef787849f6", kill_on_drop: false }`
[INFO] running `Command { std: "docker" "rm" "-f" "fea2421d772603403f74a87207e190a2472a0ef17fd0e3f65de151ef787849f6", kill_on_drop: false }`
[INFO] [stdout] fea2421d772603403f74a87207e190a2472a0ef17fd0e3f65de151ef787849f6
[INFO] running `Command { std: "docker" "create" "-v" "/var/lib/crater-agent-workspace/builds/worker-4-tc1/target:/opt/rustwide/target:rw,Z" "-v" "/var/lib/crater-agent-workspace/builds/worker-4-tc1/source:/opt/rustwide/workdir:ro,Z" "-v" "/var/lib/crater-agent-workspace/cargo-home:/opt/rustwide/cargo-home:ro,Z" "-v" "/var/lib/crater-agent-workspace/rustup-home:/opt/rustwide/rustup-home:ro,Z" "-e" "SOURCE_DIR=/opt/rustwide/workdir" "-e" "CARGO_TARGET_DIR=/opt/rustwide/target" "-e" "CARGO_INCREMENTAL=0" "-e" "RUST_BACKTRACE=full" "-e" "RUSTFLAGS=--cap-lints=forbid" "-e" "RUSTDOCFLAGS=--cap-lints=forbid" "-e" "CARGO_HOME=/opt/rustwide/cargo-home" "-e" "RUSTUP_HOME=/opt/rustwide/rustup-home" "-w" "/opt/rustwide/workdir" "-m" "1610612736" "--user" "0:0" "--network" "none" "ghcr.io/rust-lang/crates-build-env/linux@sha256:19e73879b68f455e41552ea35293514db52ea292d993f571636dbffedb77a1ee" "/opt/rustwide/cargo-home/bin/cargo" "+9610dfe5a9a731ced1ea4923ecbd0c57fe367898" "check" "--frozen" "--all" "--all-targets" "--message-format=json", kill_on_drop: false }`
[INFO] [stdout] e26c8fcabf1c0e9e092086914e501610f411f333b9031d1cc35d381a38bb0525
[INFO] running `Command { std: "docker" "start" "-a" "e26c8fcabf1c0e9e092086914e501610f411f333b9031d1cc35d381a38bb0525", kill_on_drop: false }`
[INFO] [stderr]    Compiling libc v0.2.108
[INFO] [stderr]    Compiling proc-macro2 v1.0.32
[INFO] [stderr]    Compiling unicode-xid v0.2.2
[INFO] [stderr]    Compiling syn v1.0.81
[INFO] [stderr]    Compiling version_check v0.9.3
[INFO] [stderr]    Compiling cc v1.0.72
[INFO] [stderr]    Compiling serde v1.0.137
[INFO] [stderr]    Compiling fnv v1.0.7
[INFO] [stderr]    Compiling strsim v0.10.0
[INFO] [stderr]    Compiling ident_case v1.0.1
[INFO] [stderr]     Checking tinyvec v1.5.1
[INFO] [stderr]    Compiling proc-macro-error-attr v1.0.4
[INFO] [stderr]    Compiling proc-macro-error v1.0.4
[INFO] [stderr]    Compiling indexmap v1.8.1
[INFO] [stderr]    Compiling memoffset v0.6.4
[INFO] [stderr]    Compiling log v0.4.14
[INFO] [stderr]     Checking matches v0.1.9
[INFO] [stderr]     Checking unicode-width v0.1.9
[INFO] [stderr]    Compiling unicode-segmentation v1.8.0
[INFO] [stderr]    Compiling memchr v2.4.1
[INFO] [stderr]    Compiling relative-path v1.7.0
[INFO] [stderr]    Compiling quote v1.0.10
[INFO] [stderr]     Checking unicode-normalization v0.1.19
[INFO] [stderr]     Checking smallvec v1.7.0
[INFO] [stderr]     Checking unicode-bidi v0.3.7
[INFO] [stderr]    Compiling hashbrown v0.11.2
[INFO] [stderr]    Compiling rquickjs-sys v0.1.5
[INFO] [stderr]     Checking form_urlencoded v1.0.1
[INFO] [stderr]     Checking getrandom v0.2.3
[INFO] [stderr]     Checking rand_core v0.6.3
[INFO] [stderr]     Checking atty v0.2.14
[INFO] [stderr]     Checking idna v0.2.3
[INFO] [stderr]     Checking dirs-sys-next v0.1.2
[INFO] [stderr]     Checking nibble_vec v0.1.0
[INFO] [stderr]    Compiling heck v0.3.3
[INFO] [stderr]     Checking textwrap v0.11.0
[INFO] [stderr]     Checking num_threads v0.1.6
[INFO] [stderr]    Compiling time-macros v0.2.4
[INFO] [stderr]     Checking sol-js-builder v0.3.0 (/opt/rustwide/workdir/crates/sol-js-builder)
[INFO] [stdout] warning: unreachable pattern
[INFO] [stdout]    --> crates/sol-js-builder/src/expression.rs:158:13
[INFO] [stdout]     |
[INFO] [stdout] 158 |             _ => unimplemented!()
[INFO] [stdout]     |             ^
[INFO] [stdout]     |
[INFO] [stdout]     = note: `#[warn(unreachable_patterns)]` on by default
[INFO] [stdout] 
[INFO] [stdout] 
[INFO] [stdout] warning: 1 warning emitted
[INFO] [stdout] 
[INFO] [stdout] 
[INFO] [stderr]     Checking ppv-lite86 v0.2.16
[INFO] [stderr]     Checking endian-type v0.1.2
[INFO] [stderr]     Checking sol-parser v0.3.0 (/opt/rustwide/workdir/crates/sol-parser)
[INFO] [stderr]     Checking itoa v1.0.2
[INFO] [stderr]     Checking radix_trie v0.2.1
[INFO] [stderr]     Checking clap v2.33.3
[INFO] [stderr]     Checking url v2.2.2
[INFO] [stderr]     Checking nix v0.22.2
[INFO] [stderr]     Checking rand_chacha v0.3.1
[INFO] [stderr]     Checking dirs-next v2.0.0
[INFO] [stderr]     Checking fd-lock v3.0.0
[INFO] [stderr]     Checking utf8parse v0.2.0
[INFO] [stderr]     Checking ascii v1.0.0
[INFO] [stderr]     Checking chunked_transfer v1.4.0
[INFO] [stderr]     Checking rand v0.8.5
[INFO] [stderr]     Checking sol-compiler v0.3.0 (/opt/rustwide/workdir/crates/sol-compiler)
[INFO] [stdout] warning: unreachable pattern
[INFO] [stdout]    --> crates/sol-compiler/src/compiler.rs:194:13
[INFO] [stdout]     |
[INFO] [stdout] 194 |             _ => unimplemented!("compile expression {:?}", expression),
[INFO] [stdout]     |             ^
[INFO] [stdout]     |
[INFO] [stdout]     = note: `#[warn(unreachable_patterns)]` on by default
[INFO] [stdout] 
[INFO] [stdout] 
[INFO] [stdout] warning: 1 warning emitted
[INFO] [stdout] 
[INFO] [stdout] 
[INFO] [stderr]     Checking uuid v1.0.0
[INFO] [stderr]    Compiling toml v0.5.9
[INFO] [stdout] warning: unreachable pattern
[INFO] [stdout]    --> crates/sol-compiler/src/compiler.rs:194:13
[INFO] [stdout]     |
[INFO] [stdout] 194 |             _ => unimplemented!("compile expression {:?}", expression),
[INFO] [stdout]     |             ^
[INFO] [stdout]     |
[INFO] [stdout]     = note: `#[warn(unreachable_patterns)]` on by default
[INFO] [stdout] 
[INFO] [stdout] 
[INFO] [stdout] warning: 1 warning emitted
[INFO] [stdout] 
[INFO] [stdout] 
[INFO] [stdout] warning: unreachable pattern
[INFO] [stdout]    --> crates/sol-js-builder/src/expression.rs:158:13
[INFO] [stdout]     |
[INFO] [stdout] 158 |             _ => unimplemented!()
[INFO] [stdout]     |             ^
[INFO] [stdout]     |
[INFO] [stdout]     = note: `#[warn(unreachable_patterns)]` on by default
[INFO] [stdout] 
[INFO] [stdout] 
[INFO] [stdout] warning: 1 warning emitted
[INFO] [stdout] 
[INFO] [stdout] 
[INFO] [stderr]     Checking time v0.3.9
[INFO] [stderr]    Compiling darling_core v0.13.4
[INFO] [stderr]     Checking tiny_http v0.11.0
[INFO] [stderr]     Checking rustyline v9.0.0
[INFO] [stderr]    Compiling thiserror-impl v1.0.31
[INFO] [stderr]    Compiling structopt-derive v0.4.18
[INFO] [stderr]    Compiling darling_macro v0.13.4
[INFO] [stderr]     Checking structopt v0.3.26
[INFO] [stderr]    Compiling darling v0.13.4
[INFO] [stderr]    Compiling thiserror v1.0.31
[INFO] [stderr]    Compiling proc-macro-crate v1.1.3
[INFO] [stderr]    Compiling rquickjs-core v0.1.5
[INFO] [stderr]    Compiling rquickjs-macro v0.1.5
[INFO] [stderr]     Checking rquickjs v0.1.5
[INFO] [stderr]     Checking sol v0.3.0 (/opt/rustwide/workdir/crates/sol)
[INFO] [stdout] error[E0463]: can't find crate for `three`
[INFO] [stdout]  --> crates/sol/src/main.rs:1:1
[INFO] [stdout]   |
[INFO] [stdout] 1 | extern crate three;
[INFO] [stdout]   | ^^^^^^^^^^^^^^^^^^^ can't find crate
[INFO] [stdout] 
[INFO] [stdout] 
[INFO] [stdout] error[E0463]: can't find crate for `three`
[INFO] [stdout]  --> crates/sol/src/main.rs:1:1
[INFO] [stdout]   |
[INFO] [stdout] 1 | extern crate three;
[INFO] [stdout]   | ^^^^^^^^^^^^^^^^^^^ can't find crate
[INFO] [stdout] 
[INFO] [stdout] 
[INFO] [stdout] warning: Unknown field: `bare`
[INFO] [stdout]    --> crates/sol/src/main.rs:140:1
[INFO] [stdout]     |
[INFO] [stdout] 140 | #[bind(module, public)]
[INFO] [stdout]     | ^^^^^^^^^^^^^^^^^^^^^^^
[INFO] [stdout]     |
[INFO] [stdout]     = note: this warning originates in the attribute macro `bind` (in Nightly builds, run with -Z macro-backtrace for more info)
[INFO] [stdout] 
[INFO] [stdout] 
[INFO] [stdout] warning: Unknown field: `bare`
[INFO] [stdout]    --> crates/sol/src/main.rs:140:1
[INFO] [stdout]     |
[INFO] [stdout] 140 | #[bind(module, public)]
[INFO] [stdout]     | ^^^^^^^^^^^^^^^^^^^^^^^
[INFO] [stdout]     |
[INFO] [stdout]     = note: this warning originates in the attribute macro `bind` (in Nightly builds, run with -Z macro-backtrace for more info)
[INFO] [stdout] 
[INFO] [stdout] 
[INFO] [stdout] error[E0425]: cannot find value `Http` in this scope
[INFO] [stdout]    --> crates/sol/src/main.rs:419:38
[INFO] [stdout]     |
[INFO] [stdout] 419 |             .with_module("web/http", Http)
[INFO] [stdout]     |                                      ^^^^ not found in this scope
[INFO] [stdout] 
[INFO] [stdout] 
[INFO] [stdout] error[E0425]: cannot find value `Http` in this scope
[INFO] [stdout]    --> crates/sol/src/main.rs:419:38
[INFO] [stdout]     |
[INFO] [stdout] 419 |             .with_module("web/http", Http)
[INFO] [stdout]     |                                      ^^^^ not found in this scope
[INFO] [stdout] 
[INFO] [stdout] 
[INFO] [stdout] error: aborting due to 2 previous errors; 1 warning emitted
[INFO] [stdout] 
[INFO] [stdout] 
[INFO] [stdout] Some errors have detailed explanations: E0425, E0463.
[INFO] [stdout] 
[INFO] [stdout] For more information about an error, try `rustc --explain E0425`.
[INFO] [stdout] 
[INFO] [stdout] error: aborting due to 2 previous errors; 1 warning emitted
[INFO] [stdout] 
[INFO] [stdout] 
[INFO] [stdout] Some errors have detailed explanations: E0425, E0463.
[INFO] [stdout] 
[INFO] [stdout] For more information about an error, try `rustc --explain E0425`.
[INFO] [stdout] 
[INFO] [stderr] error: could not compile `sol` (bin "sol" test) due to 3 previous errors; 1 warning emitted
[INFO] [stderr] warning: build failed, waiting for other jobs to finish...
[INFO] [stderr] error: could not compile `sol` (bin "sol") due to 3 previous errors; 1 warning emitted
[INFO] running `Command { std: "docker" "inspect" "e26c8fcabf1c0e9e092086914e501610f411f333b9031d1cc35d381a38bb0525", kill_on_drop: false }`
[INFO] running `Command { std: "docker" "rm" "-f" "e26c8fcabf1c0e9e092086914e501610f411f333b9031d1cc35d381a38bb0525", kill_on_drop: false }`
[INFO] [stdout] e26c8fcabf1c0e9e092086914e501610f411f333b9031d1cc35d381a38bb0525
